{"id":15961,"date":"2021-11-09T17:47:32","date_gmt":"2021-11-09T16:47:32","guid":{"rendered":"https:\/\/woocommerce-587295-4567585.cloudwaysapps.com\/?post_type=product&#038;p=15961"},"modified":"2026-05-27T19:25:23","modified_gmt":"2026-05-27T17:25:23","slug":"confettura-pere-nobiliradici-280g","status":"publish","type":"product","link":"https:\/\/www.saporinostri.it\/de\/confettura-pere-nobiliradici-280g\/","title":{"rendered":"Marmelade Birnen Edle Roots 280g"},"content":{"rendered":"<p>Dort <strong>NobiliRadici Birnenmarmelade 280g<\/strong> Diese Konfit\u00fcre wird aus erstklassigen italienischen Birnen hergestellt, die im perfekten Reifezustand ausgew\u00e4hlt werden. Durch das schnelle Einkochen bei niedriger Temperatur bleiben der feine, milde Geschmack, die nat\u00fcrliche S\u00fc\u00dfe und die leicht blumigen Noten der Birne erhalten. Eine Konfit\u00fcre mit subtilem, elegantem Aroma, ideal zu Blauschimmelk\u00e4se, Mascarpone und traditionellen italienischen Desserts.<\/p>\n<p>Die Konservierung von Lebensmitteln ist seit jeher ein zentraler Bestandteil der Agrar- und Lebensmittelindustrie. Der Schutz von Lebensmitteln vor Verderb ist unerl\u00e4sslich, um Lebensmittelverschwendung zu reduzieren und den Geschmack saisonaler Produkte das ganze Jahr \u00fcber genie\u00dfen zu k\u00f6nnen. NobiliRadici hat sich entschieden, italienisches Obst in Gl\u00e4sern zu konservieren, w\u00e4hlt daf\u00fcr nur die besten Rohstoffe aus und verzichtet auf Konservierungsstoffe, Geliermittel und Pektine, um den Geschmack nicht zu ver\u00e4ndern.<\/p>\n<p>Das Konservierungsverfahren von NobiliRadici ist einfach, erfordert aber gro\u00dfe Sorgfalt beim Umgang mit den Fr\u00fcchten, die im optimalen Reifezustand geerntet werden, sowie bei deren Zubereitung und Garung. Weniger Produkthandling garantiert besseren Geschmack und optimale organoleptische Eigenschaften.<\/p>\n<ul>\n<li>Rohstoffe erster Wahl und 0 km<\/li>\n<li>Kochen in Kupfert\u00f6pfen \u2013 ohne Konservierungsstoffe oder chemische Verdickungsmittel<\/li>\n<li>Langsame Pasteurisierung unter 75\u00b0<\/li>\n<li>Glasverpackung mit Holzetikett<\/li>\n<\/ul>","protected":false},"excerpt":{"rendered":"<p>Ausgew\u00e4hlte Birnenmarmelade, angebaut im Regionalpark Roccamonfina-Foce del Garigliano, bei km 0, handgefertigt von NobiliRadici ohne den Einsatz von Chemikalien wie Konservierungsmitteln, Geliermitteln oder Pektinen.<\/p>\n<p>Die Produktionen von NobiliRadici sind alle \u00f6kologisch nachhaltig und respektieren das Territorium.<\/p>\n<p><strong>Nettogewicht:<\/strong> 280 g<\/p>\n<p><img decoding=\"async\" class=\"wp-image-15833 lazyload\" data-src=\"http:\/\/localhost:8080\/wp-content\/uploads\/2021\/11\/parco-regionale-roccamonfina-foce-garigliano-nobiliradici-1.png\" alt=\"Unternehmen mit Sitz im Park\" width=\"159\" height=\"87\" data-srcset=\"https:\/\/www.saporinostri.it\/app\/uploads\/2021\/11\/parco-regionale-roccamonfina-foce-garigliano-nobiliradici-1.png 216w, https:\/\/www.saporinostri.it\/app\/uploads\/2021\/11\/parco-regionale-roccamonfina-foce-garigliano-nobiliradici-1-18x10.png 18w, https:\/\/www.saporinostri.it\/app\/uploads\/2021\/11\/parco-regionale-roccamonfina-foce-garigliano-nobiliradici-1-150x82.png 150w, https:\/\/www.saporinostri.it\/app\/uploads\/2021\/11\/parco-regionale-roccamonfina-foce-garigliano-nobiliradici-1-64x35.png 64w\" data-sizes=\"(max-width: 159px) 100vw, 159px\" src=\"data:image\/gif;base64,R0lGODlhAQABAAAAACH5BAEKAAEALAAAAAABAAEAAAICTAEAOw==\" style=\"--smush-placeholder-width: 159px; --smush-placeholder-aspect-ratio: 159\/87;\" \/><noscript><img decoding=\"async\" class=\"wp-image-15833\" src=\"http:\/\/localhost:8080\/wp-content\/uploads\/2021\/11\/parco-regionale-roccamonfina-foce-garigliano-nobiliradici-1.png\" alt=\"Unternehmen mit Sitz im Park\" width=\"159\" height=\"87\" srcset=\"https:\/\/www.saporinostri.it\/app\/uploads\/2021\/11\/parco-regionale-roccamonfina-foce-garigliano-nobiliradici-1.png 216w, https:\/\/www.saporinostri.it\/app\/uploads\/2021\/11\/parco-regionale-roccamonfina-foce-garigliano-nobiliradici-1-18x10.png 18w, https:\/\/www.saporinostri.it\/app\/uploads\/2021\/11\/parco-regionale-roccamonfina-foce-garigliano-nobiliradici-1-150x82.png 150w, https:\/\/www.saporinostri.it\/app\/uploads\/2021\/11\/parco-regionale-roccamonfina-foce-garigliano-nobiliradici-1-64x35.png 64w\" sizes=\"(max-width: 159px) 100vw, 159px\" \/><\/noscript><\/p>\n<div class=\"scadenza\">Letzter Batch-Ablauf: <b>31.01.2023 L.21 \/ C23<\/b><\/div>","protected":false},"featured_media":15963,"comment_status":"open","ping_status":"closed","template":"","meta":{"inline_featured_image":false,"wprm-recipe-roundup-name":"","wprm-recipe-roundup-description":""},"product_brand":[576],"product_cat":[577,412],"product_tag":[],"class_list":["post-15961","product","type-product","status-publish","has-post-thumbnail","product_brand-nobiliradici","product_cat-confetture-e-marmellate","product_cat-conserve","first","instock","sale","taxable","shipping-taxable","purchasable","product-type-simple","add-to-wishlist-after_add_to_cart"],"jetpack_sharing_enabled":true,"_links":{"self":[{"href":"https:\/\/www.saporinostri.it\/de\/wp-json\/wp\/v2\/product\/15961","targetHints":{"allow":["GET"]}}],"collection":[{"href":"https:\/\/www.saporinostri.it\/de\/wp-json\/wp\/v2\/product"}],"about":[{"href":"https:\/\/www.saporinostri.it\/de\/wp-json\/wp\/v2\/types\/product"}],"replies":[{"embeddable":true,"href":"https:\/\/www.saporinostri.it\/de\/wp-json\/wp\/v2\/comments?post=15961"}],"wp:featuredmedia":[{"embeddable":true,"href":"https:\/\/www.saporinostri.it\/de\/wp-json\/wp\/v2\/media\/15963"}],"wp:attachment":[{"href":"https:\/\/www.saporinostri.it\/de\/wp-json\/wp\/v2\/media?parent=15961"}],"wp:term":[{"taxonomy":"product_brand","embeddable":true,"href":"https:\/\/www.saporinostri.it\/de\/wp-json\/wp\/v2\/product_brand?post=15961"},{"taxonomy":"product_cat","embeddable":true,"href":"https:\/\/www.saporinostri.it\/de\/wp-json\/wp\/v2\/product_cat?post=15961"},{"taxonomy":"product_tag","embeddable":true,"href":"https:\/\/www.saporinostri.it\/de\/wp-json\/wp\/v2\/product_tag?post=15961"}],"curies":[{"name":"wp","href":"https:\/\/api.w.org\/{rel}","templated":true}]}}

<p>Dort <strong>NobiliRadici Birnenmarmelade 280g</strong> Diese Konfitüre wird aus erstklassigen italienischen Birnen hergestellt, die im perfekten Reifezustand ausgewählt werden. Durch das schnelle Einkochen bei niedriger Temperatur bleiben der feine, milde Geschmack, die natürliche Süße und die leicht blumigen Noten der Birne erhalten. Eine Konfitüre mit subtilem, elegantem Aroma, ideal zu Blauschimmelkäse, Mascarpone und traditionellen italienischen Desserts.</p>
<p>Die Konservierung von Lebensmitteln ist seit jeher ein zentraler Bestandteil der Agrar- und Lebensmittelindustrie. Der Schutz von Lebensmitteln vor Verderb ist unerlässlich, um Lebensmittelverschwendung zu reduzieren und den Geschmack saisonaler Produkte das ganze Jahr über genießen zu können. NobiliRadici hat sich entschieden, italienisches Obst in Gläsern zu konservieren, wählt dafür nur die besten Rohstoffe aus und verzichtet auf Konservierungsstoffe, Geliermittel und Pektine, um den Geschmack nicht zu verändern.</p>
<p>Das Konservierungsverfahren von NobiliRadici ist einfach, erfordert aber große Sorgfalt beim Umgang mit den Früchten, die im optimalen Reifezustand geerntet werden, sowie bei deren Zubereitung und Garung. Weniger Produkthandling garantiert besseren Geschmack und optimale organoleptische Eigenschaften.</p>
<ul>
<li>Rohstoffe erster Wahl und 0 km</li>
<li>Kochen in Kupfertöpfen – ohne Konservierungsstoffe oder chemische Verdickungsmittel</li>
<li>Langsame Pasteurisierung unter 75°</li>
<li>Glasverpackung mit Holzetikett</li>
</ul>

<p>Ausgewählte Birnenmarmelade, angebaut im Regionalpark Roccamonfina-Foce del Garigliano, bei km 0, handgefertigt von NobiliRadici ohne den Einsatz von Chemikalien wie Konservierungsmitteln, Geliermitteln oder Pektinen.</p>
<p>Die Produktionen von NobiliRadici sind alle ökologisch nachhaltig und respektieren das Territorium.</p>
<p><strong>Nettogewicht:</strong> 280 g</p>
<p><img decoding="async" class="wp-image-15833 lazyload" data-src="http://localhost:8080/wp-content/uploads/2021/11/parco-regionale-roccamonfina-foce-garigliano-nobiliradici-1.png" alt="Unternehmen mit Sitz im Park" width="159" height="87" data-srcset="https://www.saporinostri.it/app/uploads/2021/11/parco-regionale-roccamonfina-foce-garigliano-nobiliradici-1.png 216w, https://www.saporinostri.it/app/uploads/2021/11/parco-regionale-roccamonfina-foce-garigliano-nobiliradici-1-18x10.png 18w, https://www.saporinostri.it/app/uploads/2021/11/parco-regionale-roccamonfina-foce-garigliano-nobiliradici-1-150x82.png 150w, https://www.saporinostri.it/app/uploads/2021/11/parco-regionale-roccamonfina-foce-garigliano-nobiliradici-1-64x35.png 64w" data-sizes="(max-width: 159px) 100vw, 159px" src="data:image/gif;base64,R0lGODlhAQABAAAAACH5BAEKAAEALAAAAAABAAEAAAICTAEAOw==" style="--smush-placeholder-width: 159px; --smush-placeholder-aspect-ratio: 159/87;" /><noscript><img decoding="async" class="wp-image-15833" src="http://localhost:8080/wp-content/uploads/2021/11/parco-regionale-roccamonfina-foce-garigliano-nobiliradici-1.png" alt="Unternehmen mit Sitz im Park" width="159" height="87" srcset="https://www.saporinostri.it/app/uploads/2021/11/parco-regionale-roccamonfina-foce-garigliano-nobiliradici-1.png 216w, https://www.saporinostri.it/app/uploads/2021/11/parco-regionale-roccamonfina-foce-garigliano-nobiliradici-1-18x10.png 18w, https://www.saporinostri.it/app/uploads/2021/11/parco-regionale-roccamonfina-foce-garigliano-nobiliradici-1-150x82.png 150w, https://www.saporinostri.it/app/uploads/2021/11/parco-regionale-roccamonfina-foce-garigliano-nobiliradici-1-64x35.png 64w" sizes="(max-width: 159px) 100vw, 159px" /></noscript></p>
<div class="scadenza">Letzter Batch-Ablauf: <b>31.01.2023 L.21 / C23</b></div>
